{"id":415,"date":"2020-01-10T17:51:23","date_gmt":"2020-01-10T17:51:23","guid":{"rendered":"https:\/\/serretecno.com.mx\/?page_id=415"},"modified":"2020-01-14T02:55:04","modified_gmt":"2020-01-14T02:55:04","slug":"balanceadora-de-ruedas-para-camion","status":"publish","type":"page","link":"https:\/\/serretecno.com.mx\/index.php\/balanceadora-de-ruedas-para-camion\/","title":{"rendered":"Balanceadora de ruedas para cami\u00f3n"},"content":{"rendered":"\t\t<div data-elementor-type=\"wp-page\" data-elementor-id=\"415\" class=\"elementor elementor-415\">\n\t\t\t\t\t\t<section class=\"elementor-section elementor-top-section elementor-element elementor-element-cf342c4 elementor-section-boxed elementor-section-height-default elementor-section-height-default\" data-id=\"cf342c4\" data-element_type=\"section\">\n\t\t\t\t\t\t<div class=\"elementor-container elementor-column-gap-default\">\n\t\t\t\t\t<div class=\"elementor-column elementor-col-100 elementor-top-column elementor-element elementor-element-b2d6baa\" data-id=\"b2d6baa\" data-element_type=\"column\">\n\t\t\t<div class=\"elementor-widget-wrap elementor-element-populated\">\n\t\t\t\t\t\t<div class=\"elementor-element elementor-element-86a9f1f elementor-widget elementor-widget-heading\" data-id=\"86a9f1f\" data-element_type=\"widget\" data-widget_type=\"heading.default\">\n\t\t\t\t<div class=\"elementor-widget-container\">\n\t\t\t\t\t<h1 class=\"elementor-heading-title elementor-size-default\">Balanceadora de ruedas para cami\u00f3n<\/h1>\t\t\t\t<\/div>\n\t\t\t\t<\/div>\n\t\t\t\t<section class=\"elementor-section elementor-inner-section elementor-element elementor-element-bdc37d1 elementor-section-boxed elementor-section-height-default elementor-section-height-default\" data-id=\"bdc37d1\" data-element_type=\"section\">\n\t\t\t\t\t\t<div class=\"elementor-container elementor-column-gap-default\">\n\t\t\t\t\t<div class=\"elementor-column elementor-col-100 elementor-inner-column elementor-element elementor-element-63b9d4b\" data-id=\"63b9d4b\" data-element_type=\"column\">\n\t\t\t<div class=\"elementor-widget-wrap elementor-element-populated\">\n\t\t\t\t\t\t<div class=\"elementor-element elementor-element-f63eb45 elementor-widget elementor-widget-text-editor\" data-id=\"f63eb45\" data-element_type=\"widget\" data-widget_type=\"text-editor.default\">\n\t\t\t\t<div class=\"elementor-widget-container\">\n\t\t\t\t\t\t\t\t\t<p>En Serretecno contamos con balanceadora de ruedas para cami\u00f3n Ranger que\u00a0es ideal en talleres con alto volumen de servicio para ruedas de camiones y veh\u00edculos de carga pesada.<\/p><p>Tiene capacidad para trabajar neum\u00e1ticos de hasta 52 pulgadas de di\u00e1metro y 20 pulgadas de ancho y tama\u00f1os de rin de hasta 30 pulgadas de di\u00e1metro. Aunque es m\u00e1s adecuada para servir ruedas de autobuses, camiones y llantas OTR, tambi\u00e9n es capaz y est\u00e1 totalmente equipada para trabajar con ruedas de autom\u00f3viles y camionetas de peso ligero.<\/p><p>Cuenta con la tecnolog\u00eda Drive\u2010Check\u2122 de propiedad exclusiva de Ranger, que es b\u00e1sicamente la soluci\u00f3n perfecta para detectar las llantas que tambalean ya que simula las condiciones de la carretera, condiciones de velocidad de manejo y le da los resultados de medidas de desequilibrio tanto en la llanta como en el ensamblaje del rin en un reporte autom\u00e1tico computarizado. Luego, recomienda el m\u00e9todo m\u00e1s efectivo de correcci\u00f3n de \u00f3ptimo peso necesario lo que minimiza el uso de pesas e incrementa la producci\u00f3n de su taller. Un levantador de ruedas incorporado mueve f\u00e1cilmente los m\u00e1s pesados ensamblajes de ruedas mont\u00e1ndolos al balanceador sin ning\u00fan esfuerzo.<\/p><p>Un men\u00fa completo de caracter\u00edsticas que le ahorran tiempo de trabajo incluye la configuraci\u00f3n de funciones de: aleaci\u00f3n, din\u00e1mico y est\u00e1tico, permiti\u00e9ndole balancear tanto ruedas grandes como peque\u00f1as con m\u00ednimo esfuerzo y rapidez. Indicadores con luces brillantes son desplazados en una pantalla LED para informarle de la cantidad exacta y ubicaci\u00f3n de posici\u00f3n del peso en la rueda en tan s\u00f3lo segundos.<\/p><p>Las caracter\u00edsticas de la balanceadora de ruedas para cami\u00f3n son:<\/p><ul><li>Optimizaci\u00f3n Autom\u00e1tica de Peso<\/li><li>Operaci\u00f3n Sencilla<\/li><li>M\u00e1xima Precisi\u00f3n<\/li><li>Motor Trif\u00e1sico<\/li><li>Sensores Piezoel\u00e9ctricos de cuarzo de descarga multidireccional<\/li><\/ul><p>Totalmente equipada con juego de adaptadores de varias piezas de montaje de ruedas<\/p>\t\t\t\t\t\t\t\t<\/div>\n\t\t\t\t<\/div>\n\t\t\t\t\t<\/div>\n\t\t<\/div>\n\t\t\t\t\t<\/div>\n\t\t<\/section>\n\t\t\t\t\t<\/div>\n\t\t<\/div>\n\t\t\t\t\t<\/div>\n\t\t<\/section>\n\t\t\t\t<\/div>\n\t\t","protected":false},"excerpt":{"rendered":"<p>Balanceadora de ruedas para cami\u00f3n En Serretecno contamos con balanceadora de ruedas para cami\u00f3n Ranger que&nbsp;es ideal en talleres con alto volumen de servicio para ruedas de camiones y veh\u00edculos de carga pesada. Tiene capacidad para trabajar neum\u00e1ticos de hasta 52 pulgadas de di\u00e1metro y 20 pulgadas de ancho y tama\u00f1os de rin de hasta [&hellip;]<\/p>\n","protected":false},"author":2,"featured_media":0,"parent":0,"menu_order":0,"comment_status":"closed","ping_status":"closed","template":"","meta":{"_exactmetrics_skip_tracking":false,"_exactmetrics_sitenote_active":false,"_exactmetrics_sitenote_note":"","_exactmetrics_sitenote_category":0,"_uf_show_specific_survey":0,"_uf_disable_surveys":false,"site-sidebar-layout":"no-sidebar","site-content-layout":"page-builder","ast-site-content-layout":"default","site-content-style":"default","site-sidebar-style":"default","ast-global-header-display":"","ast-banner-title-visibility":"","ast-main-header-display":"","ast-hfb-above-header-display":"","ast-hfb-below-header-display":"","ast-hfb-mobile-header-display":"","site-post-title":"disabled","ast-breadcrumbs-content":"","ast-featured-img":"disabled","footer-sml-layout":"","theme-transparent-header-meta":"default","adv-header-id-meta":"","stick-header-meta":"","header-above-stick-meta":"","header-main-stick-meta":"","header-below-stick-meta":"","astra-migrate-meta-layouts":"default","ast-page-background-enabled":"default","ast-page-background-meta":{"desktop":{"background-color":"","background-image":"","background-repeat":"repeat","background-position":"center center","background-size":"auto","background-attachment":"scroll","background-type":"","background-media":"","overlay-type":"","overlay-color":"","overlay-opacity":"","overlay-gradient":""},"tablet":{"background-color":"","background-image":"","background-repeat":"repeat","background-position":"center center","background-size":"auto","background-attachment":"scroll","background-type":"","background-media":"","overlay-type":"","overlay-color":"","overlay-opacity":"","overlay-gradient":""},"mobile":{"background-color":"","background-image":"","background-repeat":"repeat","background-position":"center center","background-size":"auto","background-attachment":"scroll","background-type":"","background-media":"","overlay-type":"","overlay-color":"","overlay-opacity":"","overlay-gradient":""}},"ast-content-background-meta":{"desktop":{"background-color":"var(--ast-global-color-5)","background-image":"","background-repeat":"repeat","background-position":"center center","background-size":"auto","background-attachment":"scroll","background-type":"","background-media":"","overlay-type":"","overlay-color":"","overlay-opacity":"","overlay-gradient":""},"tablet":{"background-color":"var(--ast-global-color-5)","background-image":"","background-repeat":"repeat","background-position":"center center","background-size":"auto","background-attachment":"scroll","background-type":"","background-media":"","overlay-type":"","overlay-color":"","overlay-opacity":"","overlay-gradient":""},"mobile":{"background-color":"var(--ast-global-color-5)","background-image":"","background-repeat":"repeat","background-position":"center center","background-size":"auto","background-attachment":"scroll","background-type":"","background-media":"","overlay-type":"","overlay-color":"","overlay-opacity":"","overlay-gradient":""}},"_joinchat":[],"footnotes":""},"class_list":["post-415","page","type-page","status-publish","hentry"],"yoast_head":"<!-- This site is optimized with the Yoast SEO plugin v25.4 - https:\/\/yoast.com\/wordpress\/plugins\/seo\/ -->\n<title>balanceadora de ruedas para camion<\/title>\n<meta name=\"description\" content=\"Balanceadora de ruedas para cami\u00f3n En Serretecno contamos con balanceadora de ruedas para cami\u00f3n Ranger que&nbsp;es ideal en talleres con alto volumen de\" \/>\n<meta name=\"robots\" content=\"index, follow, max-snippet:-1, max-image-preview:large, max-video-preview:-1\" \/>\n<link rel=\"canonical\" href=\"https:\/\/serretecno.com.mx\/index.php\/balanceadora-de-ruedas-para-camion\/\" \/>\n<meta property=\"og:locale\" content=\"es_ES\" \/>\n<meta property=\"og:type\" content=\"article\" \/>\n<meta property=\"og:title\" content=\"balanceadora de ruedas para camion\" \/>\n<meta property=\"og:description\" content=\"Balanceadora de ruedas para cami\u00f3n En Serretecno contamos con balanceadora de ruedas para cami\u00f3n Ranger que&nbsp;es ideal en talleres con alto volumen de\" \/>\n<meta property=\"og:url\" content=\"https:\/\/serretecno.com.mx\/index.php\/balanceadora-de-ruedas-para-camion\/\" \/>\n<meta property=\"og:site_name\" content=\"Serretecno\" \/>\n<meta property=\"article:modified_time\" content=\"2020-01-14T02:55:04+00:00\" \/>\n<meta name=\"twitter:card\" content=\"summary_large_image\" \/>\n<meta name=\"twitter:label1\" content=\"Tiempo de lectura\" \/>\n\t<meta name=\"twitter:data1\" content=\"2 minutos\" \/>\n<script type=\"application\/ld+json\" class=\"yoast-schema-graph\">{\"@context\":\"https:\/\/schema.org\",\"@graph\":[{\"@type\":\"WebPage\",\"@id\":\"https:\/\/serretecno.com.mx\/index.php\/balanceadora-de-ruedas-para-camion\/\",\"url\":\"https:\/\/serretecno.com.mx\/index.php\/balanceadora-de-ruedas-para-camion\/\",\"name\":\"balanceadora de ruedas para camion\",\"isPartOf\":{\"@id\":\"https:\/\/serretecno.com.mx\/#website\"},\"datePublished\":\"2020-01-10T17:51:23+00:00\",\"dateModified\":\"2020-01-14T02:55:04+00:00\",\"description\":\"Balanceadora de ruedas para cami\u00f3n En Serretecno contamos con balanceadora de ruedas para cami\u00f3n Ranger que&nbsp;es ideal en talleres con alto volumen de\",\"breadcrumb\":{\"@id\":\"https:\/\/serretecno.com.mx\/index.php\/balanceadora-de-ruedas-para-camion\/#breadcrumb\"},\"inLanguage\":\"es\",\"potentialAction\":[{\"@type\":\"ReadAction\",\"target\":[\"https:\/\/serretecno.com.mx\/index.php\/balanceadora-de-ruedas-para-camion\/\"]}]},{\"@type\":\"BreadcrumbList\",\"@id\":\"https:\/\/serretecno.com.mx\/index.php\/balanceadora-de-ruedas-para-camion\/#breadcrumb\",\"itemListElement\":[{\"@type\":\"ListItem\",\"position\":1,\"name\":\"Home\",\"item\":\"https:\/\/serretecno.com.mx\/\"},{\"@type\":\"ListItem\",\"position\":2,\"name\":\"Balanceadora de ruedas para cami\u00f3n\"}]},{\"@type\":\"WebSite\",\"@id\":\"https:\/\/serretecno.com.mx\/#website\",\"url\":\"https:\/\/serretecno.com.mx\/\",\"name\":\"Serretecno\",\"description\":\"Elevadores de auto\",\"publisher\":{\"@id\":\"https:\/\/serretecno.com.mx\/#organization\"},\"potentialAction\":[{\"@type\":\"SearchAction\",\"target\":{\"@type\":\"EntryPoint\",\"urlTemplate\":\"https:\/\/serretecno.com.mx\/?s={search_term_string}\"},\"query-input\":{\"@type\":\"PropertyValueSpecification\",\"valueRequired\":true,\"valueName\":\"search_term_string\"}}],\"inLanguage\":\"es\"},{\"@type\":\"Organization\",\"@id\":\"https:\/\/serretecno.com.mx\/#organization\",\"name\":\"Serretecno.com\",\"url\":\"https:\/\/serretecno.com.mx\/\",\"logo\":{\"@type\":\"ImageObject\",\"inLanguage\":\"es\",\"@id\":\"https:\/\/serretecno.com.mx\/#\/schema\/logo\/image\/\",\"url\":\"https:\/\/serretecno.com.mx\/wp-content\/uploads\/2020\/01\/cropped-logo-serretecno-1.jpg\",\"contentUrl\":\"https:\/\/serretecno.com.mx\/wp-content\/uploads\/2020\/01\/cropped-logo-serretecno-1.jpg\",\"width\":973,\"height\":169,\"caption\":\"Serretecno.com\"},\"image\":{\"@id\":\"https:\/\/serretecno.com.mx\/#\/schema\/logo\/image\/\"}}]}<\/script>\n<!-- \/ Yoast SEO plugin. -->","yoast_head_json":{"title":"balanceadora de ruedas para camion","description":"Balanceadora de ruedas para cami\u00f3n En Serretecno contamos con balanceadora de ruedas para cami\u00f3n Ranger que&nbsp;es ideal en talleres con alto volumen de","robots":{"index":"index","follow":"follow","max-snippet":"max-snippet:-1","max-image-preview":"max-image-preview:large","max-video-preview":"max-video-preview:-1"},"canonical":"https:\/\/serretecno.com.mx\/index.php\/balanceadora-de-ruedas-para-camion\/","og_locale":"es_ES","og_type":"article","og_title":"balanceadora de ruedas para camion","og_description":"Balanceadora de ruedas para cami\u00f3n En Serretecno contamos con balanceadora de ruedas para cami\u00f3n Ranger que&nbsp;es ideal en talleres con alto volumen de","og_url":"https:\/\/serretecno.com.mx\/index.php\/balanceadora-de-ruedas-para-camion\/","og_site_name":"Serretecno","article_modified_time":"2020-01-14T02:55:04+00:00","twitter_card":"summary_large_image","twitter_misc":{"Tiempo de lectura":"2 minutos"},"schema":{"@context":"https:\/\/schema.org","@graph":[{"@type":"WebPage","@id":"https:\/\/serretecno.com.mx\/index.php\/balanceadora-de-ruedas-para-camion\/","url":"https:\/\/serretecno.com.mx\/index.php\/balanceadora-de-ruedas-para-camion\/","name":"balanceadora de ruedas para camion","isPartOf":{"@id":"https:\/\/serretecno.com.mx\/#website"},"datePublished":"2020-01-10T17:51:23+00:00","dateModified":"2020-01-14T02:55:04+00:00","description":"Balanceadora de ruedas para cami\u00f3n En Serretecno contamos con balanceadora de ruedas para cami\u00f3n Ranger que&nbsp;es ideal en talleres con alto volumen de","breadcrumb":{"@id":"https:\/\/serretecno.com.mx\/index.php\/balanceadora-de-ruedas-para-camion\/#breadcrumb"},"inLanguage":"es","potentialAction":[{"@type":"ReadAction","target":["https:\/\/serretecno.com.mx\/index.php\/balanceadora-de-ruedas-para-camion\/"]}]},{"@type":"BreadcrumbList","@id":"https:\/\/serretecno.com.mx\/index.php\/balanceadora-de-ruedas-para-camion\/#breadcrumb","itemListElement":[{"@type":"ListItem","position":1,"name":"Home","item":"https:\/\/serretecno.com.mx\/"},{"@type":"ListItem","position":2,"name":"Balanceadora de ruedas para cami\u00f3n"}]},{"@type":"WebSite","@id":"https:\/\/serretecno.com.mx\/#website","url":"https:\/\/serretecno.com.mx\/","name":"Serretecno","description":"Elevadores de auto","publisher":{"@id":"https:\/\/serretecno.com.mx\/#organization"},"potentialAction":[{"@type":"SearchAction","target":{"@type":"EntryPoint","urlTemplate":"https:\/\/serretecno.com.mx\/?s={search_term_string}"},"query-input":{"@type":"PropertyValueSpecification","valueRequired":true,"valueName":"search_term_string"}}],"inLanguage":"es"},{"@type":"Organization","@id":"https:\/\/serretecno.com.mx\/#organization","name":"Serretecno.com","url":"https:\/\/serretecno.com.mx\/","logo":{"@type":"ImageObject","inLanguage":"es","@id":"https:\/\/serretecno.com.mx\/#\/schema\/logo\/image\/","url":"https:\/\/serretecno.com.mx\/wp-content\/uploads\/2020\/01\/cropped-logo-serretecno-1.jpg","contentUrl":"https:\/\/serretecno.com.mx\/wp-content\/uploads\/2020\/01\/cropped-logo-serretecno-1.jpg","width":973,"height":169,"caption":"Serretecno.com"},"image":{"@id":"https:\/\/serretecno.com.mx\/#\/schema\/logo\/image\/"}}]}},"_links":{"self":[{"href":"https:\/\/serretecno.com.mx\/index.php\/wp-json\/wp\/v2\/pages\/415","targetHints":{"allow":["GET"]}}],"collection":[{"href":"https:\/\/serretecno.com.mx\/index.php\/wp-json\/wp\/v2\/pages"}],"about":[{"href":"https:\/\/serretecno.com.mx\/index.php\/wp-json\/wp\/v2\/types\/page"}],"author":[{"embeddable":true,"href":"https:\/\/serretecno.com.mx\/index.php\/wp-json\/wp\/v2\/users\/2"}],"replies":[{"embeddable":true,"href":"https:\/\/serretecno.com.mx\/index.php\/wp-json\/wp\/v2\/comments?post=415"}],"version-history":[{"count":1,"href":"https:\/\/serretecno.com.mx\/index.php\/wp-json\/wp\/v2\/pages\/415\/revisions"}],"predecessor-version":[{"id":601,"href":"https:\/\/serretecno.com.mx\/index.php\/wp-json\/wp\/v2\/pages\/415\/revisions\/601"}],"wp:attachment":[{"href":"https:\/\/serretecno.com.mx\/index.php\/wp-json\/wp\/v2\/media?parent=415"}],"curies":[{"name":"wp","href":"https:\/\/api.w.org\/{rel}","templated":true}]}}