{"id":411,"date":"2020-01-10T17:39:06","date_gmt":"2020-01-10T17:39:06","guid":{"rendered":"https:\/\/serretecno.com.mx\/?page_id=411"},"modified":"2020-01-14T02:54:30","modified_gmt":"2020-01-14T02:54:30","slug":"balanceadora-de-ruedas-para-autos","status":"publish","type":"page","link":"https:\/\/serretecno.com.mx\/index.php\/balanceadora-de-ruedas-para-autos\/","title":{"rendered":"Balanceadora de ruedas para autos"},"content":{"rendered":"\t\t<div data-elementor-type=\"wp-page\" data-elementor-id=\"411\" class=\"elementor elementor-411\">\n\t\t\t\t\t\t<section class=\"elementor-section elementor-top-section elementor-element elementor-element-0c4e1b0 elementor-section-boxed elementor-section-height-default elementor-section-height-default\" data-id=\"0c4e1b0\" data-element_type=\"section\">\n\t\t\t\t\t\t<div class=\"elementor-container elementor-column-gap-default\">\n\t\t\t\t\t<div class=\"elementor-column elementor-col-100 elementor-top-column elementor-element elementor-element-2409328\" data-id=\"2409328\" data-element_type=\"column\">\n\t\t\t<div class=\"elementor-widget-wrap elementor-element-populated\">\n\t\t\t\t\t\t<div class=\"elementor-element elementor-element-2b9ec60 elementor-widget elementor-widget-heading\" data-id=\"2b9ec60\" data-element_type=\"widget\" data-widget_type=\"heading.default\">\n\t\t\t\t<div class=\"elementor-widget-container\">\n\t\t\t\t\t<h1 class=\"elementor-heading-title elementor-size-default\">Balanceadora de ruedas para autos<\/h1>\t\t\t\t<\/div>\n\t\t\t\t<\/div>\n\t\t\t\t<section class=\"elementor-section elementor-inner-section elementor-element elementor-element-0c12720 elementor-section-boxed elementor-section-height-default elementor-section-height-default\" data-id=\"0c12720\" data-element_type=\"section\">\n\t\t\t\t\t\t<div class=\"elementor-container elementor-column-gap-default\">\n\t\t\t\t\t<div class=\"elementor-column elementor-col-50 elementor-inner-column elementor-element elementor-element-28d4621\" data-id=\"28d4621\" data-element_type=\"column\">\n\t\t\t<div class=\"elementor-widget-wrap elementor-element-populated\">\n\t\t\t\t\t\t<div class=\"elementor-element elementor-element-65b0d68 elementor-widget elementor-widget-text-editor\" data-id=\"65b0d68\" data-element_type=\"widget\" data-widget_type=\"text-editor.default\">\n\t\t\t\t<div class=\"elementor-widget-container\">\n\t\t\t\t\t\t\t\t\t<p>En Serretecno encontrar\u00e1 la\u00a0Balanceadora de ruedas para autos Ranger,\u00a0inal\u00e1mbrica, es\u00a0de primera clase y marcan la pauta en la industria en t\u00e9rminos de precisi\u00f3n, velocidad y simplicidad de uso.<\/p><p>Cuenta con un programa computarizado ProSpec\u00ae, ya incluido,\u00a0el cual interpreta la informaci\u00f3n y le muestra todos los procedimientos de alineaci\u00f3n a seguir en una pr\u00e1ctica pantalla LCD Dell\u00ae. De esta manera elimina cualquier duda, ya que le muestra paso a paso las acciones a seguir y el resultado es cada vez ofrecerle perfecto balanceo de sus llantas. Los t\u00e9cnicos automotrices siguen las instrucciones en pantalla y reciben respuesta inmediata y correcta. \u00a1Es as\u00ed de f\u00e1cil!<\/p><p>Usted puede aumentar sus ganancias, reducir los errores de alineaci\u00f3n, mejorar su precisi\u00f3n y f\u00e1cilmente capacitar a su personal y todo esto gracias a la\u00a0Balanceadora de ruedas para autos,\u00a0un producto incre\u00edble!<\/p>\t\t\t\t\t\t\t\t<\/div>\n\t\t\t\t<\/div>\n\t\t\t\t\t<\/div>\n\t\t<\/div>\n\t\t\t\t<div class=\"elementor-column elementor-col-50 elementor-inner-column elementor-element elementor-element-4549d41\" data-id=\"4549d41\" data-element_type=\"column\">\n\t\t\t<div class=\"elementor-widget-wrap elementor-element-populated\">\n\t\t\t\t\t\t<div class=\"elementor-element elementor-element-3bc5dbc elementor-widget elementor-widget-image\" data-id=\"3bc5dbc\" data-element_type=\"widget\" data-widget_type=\"image.default\">\n\t\t\t\t<div class=\"elementor-widget-container\">\n\t\t\t\t\t\t\t\t\t\t\t\t\t\t\t<img fetchpriority=\"high\" decoding=\"async\" width=\"300\" height=\"300\" src=\"https:\/\/serretecno.com.mx\/wp-content\/uploads\/2020\/01\/DST64T-balanceadora-neumaticos-Ranger-300x300-1.png\" class=\"attachment-large size-large wp-image-413\" alt=\"\" srcset=\"https:\/\/serretecno.com.mx\/wp-content\/uploads\/2020\/01\/DST64T-balanceadora-neumaticos-Ranger-300x300-1.png 300w, https:\/\/serretecno.com.mx\/wp-content\/uploads\/2020\/01\/DST64T-balanceadora-neumaticos-Ranger-300x300-1-150x150.png 150w\" sizes=\"(max-width: 300px) 100vw, 300px\" \/>\t\t\t\t\t\t\t\t\t\t\t\t\t\t\t<\/div>\n\t\t\t\t<\/div>\n\t\t\t\t\t<\/div>\n\t\t<\/div>\n\t\t\t\t\t<\/div>\n\t\t<\/section>\n\t\t\t\t\t<\/div>\n\t\t<\/div>\n\t\t\t\t\t<\/div>\n\t\t<\/section>\n\t\t\t\t<\/div>\n\t\t","protected":false},"excerpt":{"rendered":"<p>Balanceadora de ruedas para autos En Serretecno encontrar\u00e1 la&nbsp;Balanceadora de ruedas para autos Ranger,&nbsp;inal\u00e1mbrica, es&nbsp;de primera clase y marcan la pauta en la industria en t\u00e9rminos de precisi\u00f3n, velocidad y simplicidad de uso. Cuenta con un programa computarizado ProSpec\u00ae, ya incluido,&nbsp;el cual interpreta la informaci\u00f3n y le muestra todos los procedimientos de alineaci\u00f3n a seguir [&hellip;]<\/p>\n","protected":false},"author":2,"featured_media":0,"parent":0,"menu_order":0,"comment_status":"closed","ping_status":"closed","template":"","meta":{"_exactmetrics_skip_tracking":false,"_exactmetrics_sitenote_active":false,"_exactmetrics_sitenote_note":"","_exactmetrics_sitenote_category":0,"_uf_show_specific_survey":0,"_uf_disable_surveys":false,"site-sidebar-layout":"no-sidebar","site-content-layout":"page-builder","ast-site-content-layout":"default","site-content-style":"default","site-sidebar-style":"default","ast-global-header-display":"","ast-banner-title-visibility":"","ast-main-header-display":"","ast-hfb-above-header-display":"","ast-hfb-below-header-display":"","ast-hfb-mobile-header-display":"","site-post-title":"disabled","ast-breadcrumbs-content":"","ast-featured-img":"disabled","footer-sml-layout":"","theme-transparent-header-meta":"default","adv-header-id-meta":"","stick-header-meta":"","header-above-stick-meta":"","header-main-stick-meta":"","header-below-stick-meta":"","astra-migrate-meta-layouts":"default","ast-page-background-enabled":"default","ast-page-background-meta":{"desktop":{"background-color":"","background-image":"","background-repeat":"repeat","background-position":"center center","background-size":"auto","background-attachment":"scroll","background-type":"","background-media":"","overlay-type":"","overlay-color":"","overlay-opacity":"","overlay-gradient":""},"tablet":{"background-color":"","background-image":"","background-repeat":"repeat","background-position":"center center","background-size":"auto","background-attachment":"scroll","background-type":"","background-media":"","overlay-type":"","overlay-color":"","overlay-opacity":"","overlay-gradient":""},"mobile":{"background-color":"","background-image":"","background-repeat":"repeat","background-position":"center center","background-size":"auto","background-attachment":"scroll","background-type":"","background-media":"","overlay-type":"","overlay-color":"","overlay-opacity":"","overlay-gradient":""}},"ast-content-background-meta":{"desktop":{"background-color":"var(--ast-global-color-5)","background-image":"","background-repeat":"repeat","background-position":"center center","background-size":"auto","background-attachment":"scroll","background-type":"","background-media":"","overlay-type":"","overlay-color":"","overlay-opacity":"","overlay-gradient":""},"tablet":{"background-color":"var(--ast-global-color-5)","background-image":"","background-repeat":"repeat","background-position":"center center","background-size":"auto","background-attachment":"scroll","background-type":"","background-media":"","overlay-type":"","overlay-color":"","overlay-opacity":"","overlay-gradient":""},"mobile":{"background-color":"var(--ast-global-color-5)","background-image":"","background-repeat":"repeat","background-position":"center center","background-size":"auto","background-attachment":"scroll","background-type":"","background-media":"","overlay-type":"","overlay-color":"","overlay-opacity":"","overlay-gradient":""}},"_joinchat":[],"footnotes":""},"class_list":["post-411","page","type-page","status-publish","hentry"],"yoast_head":"<!-- This site is optimized with the Yoast SEO plugin v25.4 - https:\/\/yoast.com\/wordpress\/plugins\/seo\/ -->\n<title>balanceadora de ruedas para autos<\/title>\n<meta name=\"description\" content=\"Balanceadora de ruedas para autos En Serretecno encontrar\u00e1 la&nbsp;Balanceadora de ruedas para autos Ranger,&nbsp;inal\u00e1mbrica, es&nbsp;de primera clase y\" \/>\n<meta name=\"robots\" content=\"index, follow, max-snippet:-1, max-image-preview:large, max-video-preview:-1\" \/>\n<link rel=\"canonical\" href=\"https:\/\/serretecno.com.mx\/index.php\/balanceadora-de-ruedas-para-autos\/\" \/>\n<meta property=\"og:locale\" content=\"es_ES\" \/>\n<meta property=\"og:type\" content=\"article\" \/>\n<meta property=\"og:title\" content=\"balanceadora de ruedas para autos\" \/>\n<meta property=\"og:description\" content=\"Balanceadora de ruedas para autos En Serretecno encontrar\u00e1 la&nbsp;Balanceadora de ruedas para autos Ranger,&nbsp;inal\u00e1mbrica, es&nbsp;de primera clase y\" \/>\n<meta property=\"og:url\" content=\"https:\/\/serretecno.com.mx\/index.php\/balanceadora-de-ruedas-para-autos\/\" \/>\n<meta property=\"og:site_name\" content=\"Serretecno\" \/>\n<meta property=\"article:modified_time\" content=\"2020-01-14T02:54:30+00:00\" \/>\n<meta property=\"og:image\" content=\"https:\/\/serretecno.com.mx\/wp-content\/uploads\/2020\/01\/DST64T-balanceadora-neumaticos-Ranger-300x300-1.png\" \/>\n<meta name=\"twitter:card\" content=\"summary_large_image\" \/>\n<meta name=\"twitter:label1\" content=\"Tiempo de lectura\" \/>\n\t<meta name=\"twitter:data1\" content=\"1 minuto\" \/>\n<script type=\"application\/ld+json\" class=\"yoast-schema-graph\">{\"@context\":\"https:\/\/schema.org\",\"@graph\":[{\"@type\":\"WebPage\",\"@id\":\"https:\/\/serretecno.com.mx\/index.php\/balanceadora-de-ruedas-para-autos\/\",\"url\":\"https:\/\/serretecno.com.mx\/index.php\/balanceadora-de-ruedas-para-autos\/\",\"name\":\"balanceadora de ruedas para autos\",\"isPartOf\":{\"@id\":\"https:\/\/serretecno.com.mx\/#website\"},\"primaryImageOfPage\":{\"@id\":\"https:\/\/serretecno.com.mx\/index.php\/balanceadora-de-ruedas-para-autos\/#primaryimage\"},\"image\":{\"@id\":\"https:\/\/serretecno.com.mx\/index.php\/balanceadora-de-ruedas-para-autos\/#primaryimage\"},\"thumbnailUrl\":\"https:\/\/serretecno.com.mx\/wp-content\/uploads\/2020\/01\/DST64T-balanceadora-neumaticos-Ranger-300x300-1.png\",\"datePublished\":\"2020-01-10T17:39:06+00:00\",\"dateModified\":\"2020-01-14T02:54:30+00:00\",\"description\":\"Balanceadora de ruedas para autos En Serretecno encontrar\u00e1 la&nbsp;Balanceadora de ruedas para autos Ranger,&nbsp;inal\u00e1mbrica, es&nbsp;de primera clase y\",\"breadcrumb\":{\"@id\":\"https:\/\/serretecno.com.mx\/index.php\/balanceadora-de-ruedas-para-autos\/#breadcrumb\"},\"inLanguage\":\"es\",\"potentialAction\":[{\"@type\":\"ReadAction\",\"target\":[\"https:\/\/serretecno.com.mx\/index.php\/balanceadora-de-ruedas-para-autos\/\"]}]},{\"@type\":\"ImageObject\",\"inLanguage\":\"es\",\"@id\":\"https:\/\/serretecno.com.mx\/index.php\/balanceadora-de-ruedas-para-autos\/#primaryimage\",\"url\":\"https:\/\/serretecno.com.mx\/wp-content\/uploads\/2020\/01\/DST64T-balanceadora-neumaticos-Ranger-300x300-1.png\",\"contentUrl\":\"https:\/\/serretecno.com.mx\/wp-content\/uploads\/2020\/01\/DST64T-balanceadora-neumaticos-Ranger-300x300-1.png\",\"width\":300,\"height\":300},{\"@type\":\"BreadcrumbList\",\"@id\":\"https:\/\/serretecno.com.mx\/index.php\/balanceadora-de-ruedas-para-autos\/#breadcrumb\",\"itemListElement\":[{\"@type\":\"ListItem\",\"position\":1,\"name\":\"Home\",\"item\":\"https:\/\/serretecno.com.mx\/\"},{\"@type\":\"ListItem\",\"position\":2,\"name\":\"Balanceadora de ruedas para autos\"}]},{\"@type\":\"WebSite\",\"@id\":\"https:\/\/serretecno.com.mx\/#website\",\"url\":\"https:\/\/serretecno.com.mx\/\",\"name\":\"Serretecno\",\"description\":\"Elevadores de auto\",\"publisher\":{\"@id\":\"https:\/\/serretecno.com.mx\/#organization\"},\"potentialAction\":[{\"@type\":\"SearchAction\",\"target\":{\"@type\":\"EntryPoint\",\"urlTemplate\":\"https:\/\/serretecno.com.mx\/?s={search_term_string}\"},\"query-input\":{\"@type\":\"PropertyValueSpecification\",\"valueRequired\":true,\"valueName\":\"search_term_string\"}}],\"inLanguage\":\"es\"},{\"@type\":\"Organization\",\"@id\":\"https:\/\/serretecno.com.mx\/#organization\",\"name\":\"Serretecno.com\",\"url\":\"https:\/\/serretecno.com.mx\/\",\"logo\":{\"@type\":\"ImageObject\",\"inLanguage\":\"es\",\"@id\":\"https:\/\/serretecno.com.mx\/#\/schema\/logo\/image\/\",\"url\":\"https:\/\/serretecno.com.mx\/wp-content\/uploads\/2020\/01\/cropped-logo-serretecno-1.jpg\",\"contentUrl\":\"https:\/\/serretecno.com.mx\/wp-content\/uploads\/2020\/01\/cropped-logo-serretecno-1.jpg\",\"width\":973,\"height\":169,\"caption\":\"Serretecno.com\"},\"image\":{\"@id\":\"https:\/\/serretecno.com.mx\/#\/schema\/logo\/image\/\"}}]}<\/script>\n<!-- \/ Yoast SEO plugin. -->","yoast_head_json":{"title":"balanceadora de ruedas para autos","description":"Balanceadora de ruedas para autos En Serretecno encontrar\u00e1 la&nbsp;Balanceadora de ruedas para autos Ranger,&nbsp;inal\u00e1mbrica, es&nbsp;de primera clase y","robots":{"index":"index","follow":"follow","max-snippet":"max-snippet:-1","max-image-preview":"max-image-preview:large","max-video-preview":"max-video-preview:-1"},"canonical":"https:\/\/serretecno.com.mx\/index.php\/balanceadora-de-ruedas-para-autos\/","og_locale":"es_ES","og_type":"article","og_title":"balanceadora de ruedas para autos","og_description":"Balanceadora de ruedas para autos En Serretecno encontrar\u00e1 la&nbsp;Balanceadora de ruedas para autos Ranger,&nbsp;inal\u00e1mbrica, es&nbsp;de primera clase y","og_url":"https:\/\/serretecno.com.mx\/index.php\/balanceadora-de-ruedas-para-autos\/","og_site_name":"Serretecno","article_modified_time":"2020-01-14T02:54:30+00:00","og_image":[{"url":"https:\/\/serretecno.com.mx\/wp-content\/uploads\/2020\/01\/DST64T-balanceadora-neumaticos-Ranger-300x300-1.png","type":"","width":"","height":""}],"twitter_card":"summary_large_image","twitter_misc":{"Tiempo de lectura":"1 minuto"},"schema":{"@context":"https:\/\/schema.org","@graph":[{"@type":"WebPage","@id":"https:\/\/serretecno.com.mx\/index.php\/balanceadora-de-ruedas-para-autos\/","url":"https:\/\/serretecno.com.mx\/index.php\/balanceadora-de-ruedas-para-autos\/","name":"balanceadora de ruedas para autos","isPartOf":{"@id":"https:\/\/serretecno.com.mx\/#website"},"primaryImageOfPage":{"@id":"https:\/\/serretecno.com.mx\/index.php\/balanceadora-de-ruedas-para-autos\/#primaryimage"},"image":{"@id":"https:\/\/serretecno.com.mx\/index.php\/balanceadora-de-ruedas-para-autos\/#primaryimage"},"thumbnailUrl":"https:\/\/serretecno.com.mx\/wp-content\/uploads\/2020\/01\/DST64T-balanceadora-neumaticos-Ranger-300x300-1.png","datePublished":"2020-01-10T17:39:06+00:00","dateModified":"2020-01-14T02:54:30+00:00","description":"Balanceadora de ruedas para autos En Serretecno encontrar\u00e1 la&nbsp;Balanceadora de ruedas para autos Ranger,&nbsp;inal\u00e1mbrica, es&nbsp;de primera clase y","breadcrumb":{"@id":"https:\/\/serretecno.com.mx\/index.php\/balanceadora-de-ruedas-para-autos\/#breadcrumb"},"inLanguage":"es","potentialAction":[{"@type":"ReadAction","target":["https:\/\/serretecno.com.mx\/index.php\/balanceadora-de-ruedas-para-autos\/"]}]},{"@type":"ImageObject","inLanguage":"es","@id":"https:\/\/serretecno.com.mx\/index.php\/balanceadora-de-ruedas-para-autos\/#primaryimage","url":"https:\/\/serretecno.com.mx\/wp-content\/uploads\/2020\/01\/DST64T-balanceadora-neumaticos-Ranger-300x300-1.png","contentUrl":"https:\/\/serretecno.com.mx\/wp-content\/uploads\/2020\/01\/DST64T-balanceadora-neumaticos-Ranger-300x300-1.png","width":300,"height":300},{"@type":"BreadcrumbList","@id":"https:\/\/serretecno.com.mx\/index.php\/balanceadora-de-ruedas-para-autos\/#breadcrumb","itemListElement":[{"@type":"ListItem","position":1,"name":"Home","item":"https:\/\/serretecno.com.mx\/"},{"@type":"ListItem","position":2,"name":"Balanceadora de ruedas para autos"}]},{"@type":"WebSite","@id":"https:\/\/serretecno.com.mx\/#website","url":"https:\/\/serretecno.com.mx\/","name":"Serretecno","description":"Elevadores de auto","publisher":{"@id":"https:\/\/serretecno.com.mx\/#organization"},"potentialAction":[{"@type":"SearchAction","target":{"@type":"EntryPoint","urlTemplate":"https:\/\/serretecno.com.mx\/?s={search_term_string}"},"query-input":{"@type":"PropertyValueSpecification","valueRequired":true,"valueName":"search_term_string"}}],"inLanguage":"es"},{"@type":"Organization","@id":"https:\/\/serretecno.com.mx\/#organization","name":"Serretecno.com","url":"https:\/\/serretecno.com.mx\/","logo":{"@type":"ImageObject","inLanguage":"es","@id":"https:\/\/serretecno.com.mx\/#\/schema\/logo\/image\/","url":"https:\/\/serretecno.com.mx\/wp-content\/uploads\/2020\/01\/cropped-logo-serretecno-1.jpg","contentUrl":"https:\/\/serretecno.com.mx\/wp-content\/uploads\/2020\/01\/cropped-logo-serretecno-1.jpg","width":973,"height":169,"caption":"Serretecno.com"},"image":{"@id":"https:\/\/serretecno.com.mx\/#\/schema\/logo\/image\/"}}]}},"_links":{"self":[{"href":"https:\/\/serretecno.com.mx\/index.php\/wp-json\/wp\/v2\/pages\/411","targetHints":{"allow":["GET"]}}],"collection":[{"href":"https:\/\/serretecno.com.mx\/index.php\/wp-json\/wp\/v2\/pages"}],"about":[{"href":"https:\/\/serretecno.com.mx\/index.php\/wp-json\/wp\/v2\/types\/page"}],"author":[{"embeddable":true,"href":"https:\/\/serretecno.com.mx\/index.php\/wp-json\/wp\/v2\/users\/2"}],"replies":[{"embeddable":true,"href":"https:\/\/serretecno.com.mx\/index.php\/wp-json\/wp\/v2\/comments?post=411"}],"version-history":[{"count":1,"href":"https:\/\/serretecno.com.mx\/index.php\/wp-json\/wp\/v2\/pages\/411\/revisions"}],"predecessor-version":[{"id":600,"href":"https:\/\/serretecno.com.mx\/index.php\/wp-json\/wp\/v2\/pages\/411\/revisions\/600"}],"wp:attachment":[{"href":"https:\/\/serretecno.com.mx\/index.php\/wp-json\/wp\/v2\/media?parent=411"}],"curies":[{"name":"wp","href":"https:\/\/api.w.org\/{rel}","templated":true}]}}