{"id":104,"date":"2020-01-07T02:55:26","date_gmt":"2020-01-07T02:55:26","guid":{"rendered":"https:\/\/serretecno.com.mx\/?page_id=104"},"modified":"2020-01-14T03:33:24","modified_gmt":"2020-01-14T03:33:24","slug":"maquina-parkrimp-parker","status":"publish","type":"page","link":"https:\/\/serretecno.com.mx\/index.php\/maquina-parkrimp-parker\/","title":{"rendered":"M\u00e1quina Parkrimp Parker"},"content":{"rendered":"\t\t<div data-elementor-type=\"wp-page\" data-elementor-id=\"104\" class=\"elementor elementor-104\">\n\t\t\t\t\t\t<section class=\"elementor-section elementor-top-section elementor-element elementor-element-c156d84 elementor-section-boxed elementor-section-height-default elementor-section-height-default\" data-id=\"c156d84\" data-element_type=\"section\">\n\t\t\t\t\t\t<div class=\"elementor-container elementor-column-gap-default\">\n\t\t\t\t\t<div class=\"elementor-column elementor-col-100 elementor-top-column elementor-element elementor-element-b79cd1a\" data-id=\"b79cd1a\" data-element_type=\"column\">\n\t\t\t<div class=\"elementor-widget-wrap elementor-element-populated\">\n\t\t\t\t\t\t<div class=\"elementor-element elementor-element-55e40a6 elementor-widget elementor-widget-heading\" data-id=\"55e40a6\" data-element_type=\"widget\" data-widget_type=\"heading.default\">\n\t\t\t\t<div class=\"elementor-widget-container\">\n\t\t\t\t\t<h1 class=\"elementor-heading-title elementor-size-default\">M\u00e1quina Parkrimp Parker<\/h1>\t\t\t\t<\/div>\n\t\t\t\t<\/div>\n\t\t\t\t<section class=\"elementor-section elementor-inner-section elementor-element elementor-element-a9d2c5b elementor-section-boxed elementor-section-height-default elementor-section-height-default\" data-id=\"a9d2c5b\" data-element_type=\"section\">\n\t\t\t\t\t\t<div class=\"elementor-container elementor-column-gap-default\">\n\t\t\t\t\t<div class=\"elementor-column elementor-col-50 elementor-inner-column elementor-element elementor-element-3882ba4\" data-id=\"3882ba4\" data-element_type=\"column\">\n\t\t\t<div class=\"elementor-widget-wrap elementor-element-populated\">\n\t\t\t\t\t\t<div class=\"elementor-element elementor-element-6b632cb elementor-widget elementor-widget-text-editor\" data-id=\"6b632cb\" data-element_type=\"widget\" data-widget_type=\"text-editor.default\">\n\t\t\t\t<div class=\"elementor-widget-container\">\n\t\t\t\t\t\t\t\t\t<p style=\"font-weight: 400;\">En\u00a0Serretecno podr\u00e1 encontrar la\u00a0<b><strong>m\u00e1quina Parkrimp Parker<\/strong><\/b>, \u00fatil para realizar ensambles de mangueras con conexiones Parker.<\/p><p style=\"font-weight: 400;\">Con los sistemas hidr\u00e1ulicos Parker, lograr\u00e1 que su m\u00e1quina Parkrimp Parker\u00a0este lista para operar de forma r\u00e1pida.<\/p><p style=\"font-weight: 400;\">El dise\u00f1o modular de la m\u00e1quina Parkrimp Parker\u00a0permite elegir al cliente entre la nueva opci\u00f3n que permite adquirir estas mismas herramientas como unidades montadas en un banco. El dise\u00f1o modular ofrece a los usuarios toda la flexibilidad de una herramienta de prensado m\u00f3vil para conseguir una mayor productividad al conectarla a una fuente de alimentaci\u00f3n fija.<\/p>\t\t\t\t\t\t\t\t<\/div>\n\t\t\t\t<\/div>\n\t\t\t\t\t<\/div>\n\t\t<\/div>\n\t\t\t\t<div class=\"elementor-column elementor-col-50 elementor-inner-column elementor-element elementor-element-0f1da33\" data-id=\"0f1da33\" data-element_type=\"column\">\n\t\t\t<div class=\"elementor-widget-wrap elementor-element-populated\">\n\t\t\t\t\t\t<div class=\"elementor-element elementor-element-3808c20 elementor-widget elementor-widget-video\" data-id=\"3808c20\" data-element_type=\"widget\" data-settings=\"{&quot;youtube_url&quot;:&quot;https:\\\/\\\/youtu.be\\\/9kRE_PQosac&quot;,&quot;video_type&quot;:&quot;youtube&quot;,&quot;controls&quot;:&quot;yes&quot;}\" data-widget_type=\"video.default\">\n\t\t\t\t<div class=\"elementor-widget-container\">\n\t\t\t\t\t\t\t<div class=\"elementor-wrapper elementor-open-inline\">\n\t\t\t<div class=\"elementor-video\"><\/div>\t\t<\/div>\n\t\t\t\t\t\t<\/div>\n\t\t\t\t<\/div>\n\t\t\t\t\t<\/div>\n\t\t<\/div>\n\t\t\t\t\t<\/div>\n\t\t<\/section>\n\t\t\t\t\t<\/div>\n\t\t<\/div>\n\t\t\t\t\t<\/div>\n\t\t<\/section>\n\t\t\t\t<section class=\"elementor-section elementor-top-section elementor-element elementor-element-ed990f0 elementor-section-boxed elementor-section-height-default elementor-section-height-default\" data-id=\"ed990f0\" data-element_type=\"section\">\n\t\t\t\t\t\t<div class=\"elementor-container elementor-column-gap-default\">\n\t\t\t\t\t<div class=\"elementor-column elementor-col-100 elementor-top-column elementor-element elementor-element-194f739\" data-id=\"194f739\" data-element_type=\"column\">\n\t\t\t<div class=\"elementor-widget-wrap elementor-element-populated\">\n\t\t\t\t\t\t<div class=\"elementor-element elementor-element-cf33307 elementor-widget elementor-widget-text-editor\" data-id=\"cf33307\" data-element_type=\"widget\" data-widget_type=\"text-editor.default\">\n\t\t\t\t<div class=\"elementor-widget-container\">\n\t\t\t\t\t\t\t\t\t<p>La m\u00e1quina Parkrimp Parker est\u00e1\u00a0dise\u00f1ada para mantener segmentos de matriz juntos, es decir, sin piezas sueltas que no embonan, est\u00e1 codificada por colores para facilitar la identificaci\u00f3n y la r\u00e1pida puesta en marcha.<\/p><p>Tambi\u00e9n \u00a0la m\u00e1quina, proporcionar un engarce incluso a 360 grados sin problemas.<\/p><p>Con el equipo Parkrimp, cualquier persona puede hacer montajes de manguera de calidad de f\u00e1brica y de forma r\u00e1pida, f\u00e1cil y rentable,\u00a0es f\u00e1cil de manejar y est\u00e1 construido para ofrecer a\u00f1os de servicio confiable.<\/p><p>Parker es l\u00edder a nivel mundial en mangueras y conectores en: baja, mediana, alta y extrema presi\u00f3n.<\/p>\t\t\t\t\t\t\t\t<\/div>\n\t\t\t\t<\/div>\n\t\t\t\t\t<\/div>\n\t\t<\/div>\n\t\t\t\t\t<\/div>\n\t\t<\/section>\n\t\t\t\t<\/div>\n\t\t","protected":false},"excerpt":{"rendered":"<p>M\u00e1quina Parkrimp Parker En&nbsp;Serretecno podr\u00e1 encontrar la&nbsp;m\u00e1quina Parkrimp Parker, \u00fatil para realizar ensambles de mangueras con conexiones Parker. Con los sistemas hidr\u00e1ulicos Parker, lograr\u00e1 que su m\u00e1quina Parkrimp Parker&nbsp;este lista para operar de forma r\u00e1pida. El dise\u00f1o modular de la m\u00e1quina Parkrimp Parker&nbsp;permite elegir al cliente entre la nueva opci\u00f3n que permite adquirir estas mismas [&hellip;]<\/p>\n","protected":false},"author":2,"featured_media":0,"parent":0,"menu_order":0,"comment_status":"closed","ping_status":"closed","template":"","meta":{"_exactmetrics_skip_tracking":false,"_exactmetrics_sitenote_active":false,"_exactmetrics_sitenote_note":"","_exactmetrics_sitenote_category":0,"_uf_show_specific_survey":0,"_uf_disable_surveys":false,"site-sidebar-layout":"no-sidebar","site-content-layout":"page-builder","ast-site-content-layout":"default","site-content-style":"default","site-sidebar-style":"default","ast-global-header-display":"","ast-banner-title-visibility":"","ast-main-header-display":"","ast-hfb-above-header-display":"","ast-hfb-below-header-display":"","ast-hfb-mobile-header-display":"","site-post-title":"disabled","ast-breadcrumbs-content":"","ast-featured-img":"disabled","footer-sml-layout":"","theme-transparent-header-meta":"default","adv-header-id-meta":"","stick-header-meta":"","header-above-stick-meta":"","header-main-stick-meta":"","header-below-stick-meta":"","astra-migrate-meta-layouts":"default","ast-page-background-enabled":"default","ast-page-background-meta":{"desktop":{"background-color":"","background-image":"","background-repeat":"repeat","background-position":"center center","background-size":"auto","background-attachment":"scroll","background-type":"","background-media":"","overlay-type":"","overlay-color":"","overlay-opacity":"","overlay-gradient":""},"tablet":{"background-color":"","background-image":"","background-repeat":"repeat","background-position":"center center","background-size":"auto","background-attachment":"scroll","background-type":"","background-media":"","overlay-type":"","overlay-color":"","overlay-opacity":"","overlay-gradient":""},"mobile":{"background-color":"","background-image":"","background-repeat":"repeat","background-position":"center center","background-size":"auto","background-attachment":"scroll","background-type":"","background-media":"","overlay-type":"","overlay-color":"","overlay-opacity":"","overlay-gradient":""}},"ast-content-background-meta":{"desktop":{"background-color":"var(--ast-global-color-5)","background-image":"","background-repeat":"repeat","background-position":"center center","background-size":"auto","background-attachment":"scroll","background-type":"","background-media":"","overlay-type":"","overlay-color":"","overlay-opacity":"","overlay-gradient":""},"tablet":{"background-color":"var(--ast-global-color-5)","background-image":"","background-repeat":"repeat","background-position":"center center","background-size":"auto","background-attachment":"scroll","background-type":"","background-media":"","overlay-type":"","overlay-color":"","overlay-opacity":"","overlay-gradient":""},"mobile":{"background-color":"var(--ast-global-color-5)","background-image":"","background-repeat":"repeat","background-position":"center center","background-size":"auto","background-attachment":"scroll","background-type":"","background-media":"","overlay-type":"","overlay-color":"","overlay-opacity":"","overlay-gradient":""}},"_joinchat":[],"footnotes":""},"class_list":["post-104","page","type-page","status-publish","hentry"],"yoast_head":"<!-- This site is optimized with the Yoast SEO plugin v25.4 - https:\/\/yoast.com\/wordpress\/plugins\/seo\/ -->\n<title>Maquina Parkrimp Parker<\/title>\n<meta name=\"description\" content=\"M\u00e1quina Parkrimp Parker En&nbsp;Serretecno podr\u00e1 encontrar la&nbsp;m\u00e1quina Parkrimp Parker, \u00fatil para realizar ensambles de mangueras con conexiones\" \/>\n<meta name=\"robots\" content=\"index, follow, max-snippet:-1, max-image-preview:large, max-video-preview:-1\" \/>\n<link rel=\"canonical\" href=\"https:\/\/serretecno.com.mx\/index.php\/maquina-parkrimp-parker\/\" \/>\n<meta property=\"og:locale\" content=\"es_ES\" \/>\n<meta property=\"og:type\" content=\"article\" \/>\n<meta property=\"og:title\" content=\"Maquina Parkrimp Parker\" \/>\n<meta property=\"og:description\" content=\"M\u00e1quina Parkrimp Parker En&nbsp;Serretecno podr\u00e1 encontrar la&nbsp;m\u00e1quina Parkrimp Parker, \u00fatil para realizar ensambles de mangueras con conexiones\" \/>\n<meta property=\"og:url\" content=\"https:\/\/serretecno.com.mx\/index.php\/maquina-parkrimp-parker\/\" \/>\n<meta property=\"og:site_name\" content=\"Serretecno\" \/>\n<meta property=\"article:modified_time\" content=\"2020-01-14T03:33:24+00:00\" \/>\n<meta name=\"twitter:card\" content=\"summary_large_image\" \/>\n<meta name=\"twitter:label1\" content=\"Tiempo de lectura\" \/>\n\t<meta name=\"twitter:data1\" content=\"1 minuto\" \/>\n<script type=\"application\/ld+json\" class=\"yoast-schema-graph\">{\"@context\":\"https:\/\/schema.org\",\"@graph\":[{\"@type\":\"WebPage\",\"@id\":\"https:\/\/serretecno.com.mx\/index.php\/maquina-parkrimp-parker\/\",\"url\":\"https:\/\/serretecno.com.mx\/index.php\/maquina-parkrimp-parker\/\",\"name\":\"Maquina Parkrimp Parker\",\"isPartOf\":{\"@id\":\"https:\/\/serretecno.com.mx\/#website\"},\"datePublished\":\"2020-01-07T02:55:26+00:00\",\"dateModified\":\"2020-01-14T03:33:24+00:00\",\"description\":\"M\u00e1quina Parkrimp Parker En&nbsp;Serretecno podr\u00e1 encontrar la&nbsp;m\u00e1quina Parkrimp Parker, \u00fatil para realizar ensambles de mangueras con conexiones\",\"breadcrumb\":{\"@id\":\"https:\/\/serretecno.com.mx\/index.php\/maquina-parkrimp-parker\/#breadcrumb\"},\"inLanguage\":\"es\",\"potentialAction\":[{\"@type\":\"ReadAction\",\"target\":[\"https:\/\/serretecno.com.mx\/index.php\/maquina-parkrimp-parker\/\"]}]},{\"@type\":\"BreadcrumbList\",\"@id\":\"https:\/\/serretecno.com.mx\/index.php\/maquina-parkrimp-parker\/#breadcrumb\",\"itemListElement\":[{\"@type\":\"ListItem\",\"position\":1,\"name\":\"Home\",\"item\":\"https:\/\/serretecno.com.mx\/\"},{\"@type\":\"ListItem\",\"position\":2,\"name\":\"M\u00e1quina Parkrimp Parker\"}]},{\"@type\":\"WebSite\",\"@id\":\"https:\/\/serretecno.com.mx\/#website\",\"url\":\"https:\/\/serretecno.com.mx\/\",\"name\":\"Serretecno\",\"description\":\"Elevadores de auto\",\"publisher\":{\"@id\":\"https:\/\/serretecno.com.mx\/#organization\"},\"potentialAction\":[{\"@type\":\"SearchAction\",\"target\":{\"@type\":\"EntryPoint\",\"urlTemplate\":\"https:\/\/serretecno.com.mx\/?s={search_term_string}\"},\"query-input\":{\"@type\":\"PropertyValueSpecification\",\"valueRequired\":true,\"valueName\":\"search_term_string\"}}],\"inLanguage\":\"es\"},{\"@type\":\"Organization\",\"@id\":\"https:\/\/serretecno.com.mx\/#organization\",\"name\":\"Serretecno.com\",\"url\":\"https:\/\/serretecno.com.mx\/\",\"logo\":{\"@type\":\"ImageObject\",\"inLanguage\":\"es\",\"@id\":\"https:\/\/serretecno.com.mx\/#\/schema\/logo\/image\/\",\"url\":\"https:\/\/serretecno.com.mx\/wp-content\/uploads\/2020\/01\/cropped-logo-serretecno-1.jpg\",\"contentUrl\":\"https:\/\/serretecno.com.mx\/wp-content\/uploads\/2020\/01\/cropped-logo-serretecno-1.jpg\",\"width\":973,\"height\":169,\"caption\":\"Serretecno.com\"},\"image\":{\"@id\":\"https:\/\/serretecno.com.mx\/#\/schema\/logo\/image\/\"}}]}<\/script>\n<!-- \/ Yoast SEO plugin. -->","yoast_head_json":{"title":"Maquina Parkrimp Parker","description":"M\u00e1quina Parkrimp Parker En&nbsp;Serretecno podr\u00e1 encontrar la&nbsp;m\u00e1quina Parkrimp Parker, \u00fatil para realizar ensambles de mangueras con conexiones","robots":{"index":"index","follow":"follow","max-snippet":"max-snippet:-1","max-image-preview":"max-image-preview:large","max-video-preview":"max-video-preview:-1"},"canonical":"https:\/\/serretecno.com.mx\/index.php\/maquina-parkrimp-parker\/","og_locale":"es_ES","og_type":"article","og_title":"Maquina Parkrimp Parker","og_description":"M\u00e1quina Parkrimp Parker En&nbsp;Serretecno podr\u00e1 encontrar la&nbsp;m\u00e1quina Parkrimp Parker, \u00fatil para realizar ensambles de mangueras con conexiones","og_url":"https:\/\/serretecno.com.mx\/index.php\/maquina-parkrimp-parker\/","og_site_name":"Serretecno","article_modified_time":"2020-01-14T03:33:24+00:00","twitter_card":"summary_large_image","twitter_misc":{"Tiempo de lectura":"1 minuto"},"schema":{"@context":"https:\/\/schema.org","@graph":[{"@type":"WebPage","@id":"https:\/\/serretecno.com.mx\/index.php\/maquina-parkrimp-parker\/","url":"https:\/\/serretecno.com.mx\/index.php\/maquina-parkrimp-parker\/","name":"Maquina Parkrimp Parker","isPartOf":{"@id":"https:\/\/serretecno.com.mx\/#website"},"datePublished":"2020-01-07T02:55:26+00:00","dateModified":"2020-01-14T03:33:24+00:00","description":"M\u00e1quina Parkrimp Parker En&nbsp;Serretecno podr\u00e1 encontrar la&nbsp;m\u00e1quina Parkrimp Parker, \u00fatil para realizar ensambles de mangueras con conexiones","breadcrumb":{"@id":"https:\/\/serretecno.com.mx\/index.php\/maquina-parkrimp-parker\/#breadcrumb"},"inLanguage":"es","potentialAction":[{"@type":"ReadAction","target":["https:\/\/serretecno.com.mx\/index.php\/maquina-parkrimp-parker\/"]}]},{"@type":"BreadcrumbList","@id":"https:\/\/serretecno.com.mx\/index.php\/maquina-parkrimp-parker\/#breadcrumb","itemListElement":[{"@type":"ListItem","position":1,"name":"Home","item":"https:\/\/serretecno.com.mx\/"},{"@type":"ListItem","position":2,"name":"M\u00e1quina Parkrimp Parker"}]},{"@type":"WebSite","@id":"https:\/\/serretecno.com.mx\/#website","url":"https:\/\/serretecno.com.mx\/","name":"Serretecno","description":"Elevadores de auto","publisher":{"@id":"https:\/\/serretecno.com.mx\/#organization"},"potentialAction":[{"@type":"SearchAction","target":{"@type":"EntryPoint","urlTemplate":"https:\/\/serretecno.com.mx\/?s={search_term_string}"},"query-input":{"@type":"PropertyValueSpecification","valueRequired":true,"valueName":"search_term_string"}}],"inLanguage":"es"},{"@type":"Organization","@id":"https:\/\/serretecno.com.mx\/#organization","name":"Serretecno.com","url":"https:\/\/serretecno.com.mx\/","logo":{"@type":"ImageObject","inLanguage":"es","@id":"https:\/\/serretecno.com.mx\/#\/schema\/logo\/image\/","url":"https:\/\/serretecno.com.mx\/wp-content\/uploads\/2020\/01\/cropped-logo-serretecno-1.jpg","contentUrl":"https:\/\/serretecno.com.mx\/wp-content\/uploads\/2020\/01\/cropped-logo-serretecno-1.jpg","width":973,"height":169,"caption":"Serretecno.com"},"image":{"@id":"https:\/\/serretecno.com.mx\/#\/schema\/logo\/image\/"}}]}},"_links":{"self":[{"href":"https:\/\/serretecno.com.mx\/index.php\/wp-json\/wp\/v2\/pages\/104","targetHints":{"allow":["GET"]}}],"collection":[{"href":"https:\/\/serretecno.com.mx\/index.php\/wp-json\/wp\/v2\/pages"}],"about":[{"href":"https:\/\/serretecno.com.mx\/index.php\/wp-json\/wp\/v2\/types\/page"}],"author":[{"embeddable":true,"href":"https:\/\/serretecno.com.mx\/index.php\/wp-json\/wp\/v2\/users\/2"}],"replies":[{"embeddable":true,"href":"https:\/\/serretecno.com.mx\/index.php\/wp-json\/wp\/v2\/comments?post=104"}],"version-history":[{"count":1,"href":"https:\/\/serretecno.com.mx\/index.php\/wp-json\/wp\/v2\/pages\/104\/revisions"}],"predecessor-version":[{"id":658,"href":"https:\/\/serretecno.com.mx\/index.php\/wp-json\/wp\/v2\/pages\/104\/revisions\/658"}],"wp:attachment":[{"href":"https:\/\/serretecno.com.mx\/index.php\/wp-json\/wp\/v2\/media?parent=104"}],"curies":[{"name":"wp","href":"https:\/\/api.w.org\/{rel}","templated":true}]}}