{"id":100,"date":"2020-01-07T02:42:33","date_gmt":"2020-01-07T02:42:33","guid":{"rendered":"https:\/\/serretecno.com.mx\/?page_id=100"},"modified":"2020-01-14T02:53:06","modified_gmt":"2020-01-14T02:53:06","slug":"acoples-rapidos","status":"publish","type":"page","link":"https:\/\/serretecno.com.mx\/index.php\/acoples-rapidos\/","title":{"rendered":"Acoples Rapidos"},"content":{"rendered":"\t\t<div data-elementor-type=\"wp-page\" data-elementor-id=\"100\" class=\"elementor elementor-100\">\n\t\t\t\t\t\t<section class=\"elementor-section elementor-top-section elementor-element elementor-element-cfb8151 elementor-section-boxed elementor-section-height-default elementor-section-height-default\" data-id=\"cfb8151\" data-element_type=\"section\">\n\t\t\t\t\t\t<div class=\"elementor-container elementor-column-gap-default\">\n\t\t\t\t\t<div class=\"elementor-column elementor-col-100 elementor-top-column elementor-element elementor-element-26f161b\" data-id=\"26f161b\" data-element_type=\"column\">\n\t\t\t<div class=\"elementor-widget-wrap elementor-element-populated\">\n\t\t\t\t\t\t<div class=\"elementor-element elementor-element-39686ab elementor-widget elementor-widget-heading\" data-id=\"39686ab\" data-element_type=\"widget\" data-widget_type=\"heading.default\">\n\t\t\t\t<div class=\"elementor-widget-container\">\n\t\t\t\t\t<h1 class=\"elementor-heading-title elementor-size-default\">Acoples r\u00e1pidos<\/h1>\t\t\t\t<\/div>\n\t\t\t\t<\/div>\n\t\t\t\t\t<\/div>\n\t\t<\/div>\n\t\t\t\t\t<\/div>\n\t\t<\/section>\n\t\t\t\t<section class=\"elementor-section elementor-top-section elementor-element elementor-element-a2d309b elementor-section-boxed elementor-section-height-default elementor-section-height-default\" data-id=\"a2d309b\" data-element_type=\"section\">\n\t\t\t\t\t\t<div class=\"elementor-container elementor-column-gap-default\">\n\t\t\t\t\t<div class=\"elementor-column elementor-col-100 elementor-top-column elementor-element elementor-element-3aabd74\" data-id=\"3aabd74\" data-element_type=\"column\">\n\t\t\t<div class=\"elementor-widget-wrap elementor-element-populated\">\n\t\t\t\t\t\t<section class=\"elementor-section elementor-inner-section elementor-element elementor-element-28d3938 elementor-section-boxed elementor-section-height-default elementor-section-height-default\" data-id=\"28d3938\" data-element_type=\"section\">\n\t\t\t\t\t\t<div class=\"elementor-container elementor-column-gap-default\">\n\t\t\t\t\t<div class=\"elementor-column elementor-col-50 elementor-inner-column elementor-element elementor-element-841226f\" data-id=\"841226f\" data-element_type=\"column\">\n\t\t\t<div class=\"elementor-widget-wrap elementor-element-populated\">\n\t\t\t\t\t\t<div class=\"elementor-element elementor-element-97f5107 elementor-widget elementor-widget-text-editor\" data-id=\"97f5107\" data-element_type=\"widget\" data-widget_type=\"text-editor.default\">\n\t\t\t\t<div class=\"elementor-widget-container\">\n\t\t\t\t\t\t\t\t\t<p style=\"font-weight: 400;\">En Serretecno contamos con una variedad de\u00a0<b><strong>productos Parker<\/strong><\/b>, marca l\u00edder a nivel mundial en mangueras, conexiones, adaptadores y\u00a0acoples r\u00e1pidos.<\/p><p style=\"font-weight: 400;\">Los acoples r\u00e1pidos hidr\u00e1ulicos que manejamos en Serretecno son\u00a0 para ofrecerle una gran variedad de opciones de conexi\u00f3n r\u00e1pida a sus sistemas, son utilizados principalmente para transferir fluidos hidr\u00e1ulicos, as\u00ed como sustancias qu\u00edmicas, agua, vapor y algunos gases.<\/p><p style=\"font-weight: 400;\">Usando acoples r\u00e1pidos PARKER evitar\u00e1 hacer interconexiones complicadas, en opciones de baja presi\u00f3n, media presi\u00f3n, alta presi\u00f3n y extrema presi\u00f3n.<\/p>\t\t\t\t\t\t\t\t<\/div>\n\t\t\t\t<\/div>\n\t\t\t\t\t<\/div>\n\t\t<\/div>\n\t\t\t\t<div class=\"elementor-column elementor-col-50 elementor-inner-column elementor-element elementor-element-eb01e9f\" data-id=\"eb01e9f\" data-element_type=\"column\">\n\t\t\t<div class=\"elementor-widget-wrap elementor-element-populated\">\n\t\t\t\t\t\t<div class=\"elementor-element elementor-element-172feed elementor-widget elementor-widget-image\" data-id=\"172feed\" data-element_type=\"widget\" data-widget_type=\"image.default\">\n\t\t\t\t<div class=\"elementor-widget-container\">\n\t\t\t\t\t\t\t\t\t\t\t\t\t\t\t<img fetchpriority=\"high\" decoding=\"async\" width=\"350\" height=\"350\" src=\"https:\/\/serretecno.com.mx\/wp-content\/uploads\/2020\/01\/adaptadores.png\" class=\"attachment-large size-large wp-image-102\" alt=\"\" srcset=\"https:\/\/serretecno.com.mx\/wp-content\/uploads\/2020\/01\/adaptadores.png 350w, https:\/\/serretecno.com.mx\/wp-content\/uploads\/2020\/01\/adaptadores-300x300.png 300w, https:\/\/serretecno.com.mx\/wp-content\/uploads\/2020\/01\/adaptadores-150x150.png 150w\" sizes=\"(max-width: 350px) 100vw, 350px\" \/>\t\t\t\t\t\t\t\t\t\t\t\t\t\t\t<\/div>\n\t\t\t\t<\/div>\n\t\t\t\t\t<\/div>\n\t\t<\/div>\n\t\t\t\t\t<\/div>\n\t\t<\/section>\n\t\t\t\t\t<\/div>\n\t\t<\/div>\n\t\t\t\t\t<\/div>\n\t\t<\/section>\n\t\t\t\t<section class=\"elementor-section elementor-top-section elementor-element elementor-element-ba252d3 elementor-section-boxed elementor-section-height-default elementor-section-height-default\" data-id=\"ba252d3\" data-element_type=\"section\">\n\t\t\t\t\t\t<div class=\"elementor-container elementor-column-gap-default\">\n\t\t\t\t\t<div class=\"elementor-column elementor-col-100 elementor-top-column elementor-element elementor-element-0e45a35\" data-id=\"0e45a35\" data-element_type=\"column\">\n\t\t\t<div class=\"elementor-widget-wrap elementor-element-populated\">\n\t\t\t\t\t\t<div class=\"elementor-element elementor-element-3a6650e elementor-widget elementor-widget-heading\" data-id=\"3a6650e\" data-element_type=\"widget\" data-widget_type=\"heading.default\">\n\t\t\t\t<div class=\"elementor-widget-container\">\n\t\t\t\t\t<h2 class=\"elementor-heading-title elementor-size-default\">A continuaci\u00f3n le mencionamos algunos de los acoples r\u00e1pidos que podr\u00e1 encontrar:<\/h2>\t\t\t\t<\/div>\n\t\t\t\t<\/div>\n\t\t\t\t<div class=\"elementor-element elementor-element-4e58130 elementor-widget elementor-widget-text-editor\" data-id=\"4e58130\" data-element_type=\"widget\" data-widget_type=\"text-editor.default\">\n\t\t\t\t<div class=\"elementor-widget-container\">\n\t\t\t\t\t\t\t\t\t<ul><li style=\"font-weight: 400;\">Las conexiones bajo presi\u00f3n, son utilizados cuando se requieren equipos de mantenimiento o m\u00f3viles, de servicio pesado y con alta presi\u00f3n. Se utilizan ampliamente en donde el derrame de aceite hidr\u00e1ulico pudiera ocasionar riesgos de seguridad. Son de tipo empuje para conectar, el entrabamiento o cierre del manguito impide la desconexi\u00f3n accidental y utilizan v\u00e1lvulas de cara lisa para la conexi\u00f3n y desconexi\u00f3n.<\/li><li style=\"font-weight: 400;\">Los acoples de flujo elevado, son utilizados cuando se desea un flujo m\u00e1ximo con la menor ca\u00edda de presi\u00f3n posible.<\/li><li style=\"font-weight: 400;\">Los acoples de alta presi\u00f3n, son utilizados en aplicaciones de presiones extremadamente altas, tales como martinetes hidr\u00e1ulicos port\u00e1tiles, equipos de construcci\u00f3n y mantenimiento de ferrov\u00edas y gatos hidr\u00e1ulicos.<\/li><li style=\"font-weight: 400;\">Los acoples de moldes a refrigerante, son dise\u00f1ados especialmente para conectar las l\u00edneas de refrigerante a moldes y troqueles en m\u00e1quinas de moldeo por inyecci\u00f3n. De tipo cierre simple y flujo directo.<\/li><li style=\"font-weight: 400;\">Acoples para usos generales.<\/li><li style=\"font-weight: 400;\">Los acoples de tipo de escape, est\u00e1n dise\u00f1ados para conectarse y desconectarse a cero presi\u00f3n, incorporando un segundo manguito en la v\u00e1lvula.<\/li><li style=\"font-weight: 400;\">Acople para aire de respiraci\u00f3n, est\u00e1 dise\u00f1ado para utilizarse en aparatos de respiraci\u00f3n independiente.<\/li><li style=\"font-weight: 400;\">\u00a0Giratorios, para aplicaciones hidr\u00e1ulicas din\u00e1micas de alta presi\u00f3n<\/li><\/ul>\t\t\t\t\t\t\t\t<\/div>\n\t\t\t\t<\/div>\n\t\t\t\t\t<\/div>\n\t\t<\/div>\n\t\t\t\t\t<\/div>\n\t\t<\/section>\n\t\t\t\t<\/div>\n\t\t","protected":false},"excerpt":{"rendered":"<p>Acoples r\u00e1pidos En Serretecno contamos con una variedad de&nbsp;productos Parker, marca l\u00edder a nivel mundial en mangueras, conexiones, adaptadores y&nbsp;acoples r\u00e1pidos. Los acoples r\u00e1pidos hidr\u00e1ulicos que manejamos en Serretecno son&nbsp; para ofrecerle una gran variedad de opciones de conexi\u00f3n r\u00e1pida a sus sistemas, son utilizados principalmente para transferir fluidos hidr\u00e1ulicos, as\u00ed como sustancias qu\u00edmicas, agua, [&hellip;]<\/p>\n","protected":false},"author":2,"featured_media":0,"parent":0,"menu_order":0,"comment_status":"closed","ping_status":"closed","template":"","meta":{"_exactmetrics_skip_tracking":false,"_exactmetrics_sitenote_active":false,"_exactmetrics_sitenote_note":"","_exactmetrics_sitenote_category":0,"_uf_show_specific_survey":0,"_uf_disable_surveys":false,"site-sidebar-layout":"no-sidebar","site-content-layout":"page-builder","ast-site-content-layout":"default","site-content-style":"default","site-sidebar-style":"default","ast-global-header-display":"","ast-banner-title-visibility":"","ast-main-header-display":"","ast-hfb-above-header-display":"","ast-hfb-below-header-display":"","ast-hfb-mobile-header-display":"","site-post-title":"disabled","ast-breadcrumbs-content":"","ast-featured-img":"disabled","footer-sml-layout":"","theme-transparent-header-meta":"default","adv-header-id-meta":"","stick-header-meta":"","header-above-stick-meta":"","header-main-stick-meta":"","header-below-stick-meta":"","astra-migrate-meta-layouts":"default","ast-page-background-enabled":"default","ast-page-background-meta":{"desktop":{"background-color":"","background-image":"","background-repeat":"repeat","background-position":"center center","background-size":"auto","background-attachment":"scroll","background-type":"","background-media":"","overlay-type":"","overlay-color":"","overlay-opacity":"","overlay-gradient":""},"tablet":{"background-color":"","background-image":"","background-repeat":"repeat","background-position":"center center","background-size":"auto","background-attachment":"scroll","background-type":"","background-media":"","overlay-type":"","overlay-color":"","overlay-opacity":"","overlay-gradient":""},"mobile":{"background-color":"","background-image":"","background-repeat":"repeat","background-position":"center center","background-size":"auto","background-attachment":"scroll","background-type":"","background-media":"","overlay-type":"","overlay-color":"","overlay-opacity":"","overlay-gradient":""}},"ast-content-background-meta":{"desktop":{"background-color":"var(--ast-global-color-5)","background-image":"","background-repeat":"repeat","background-position":"center center","background-size":"auto","background-attachment":"scroll","background-type":"","background-media":"","overlay-type":"","overlay-color":"","overlay-opacity":"","overlay-gradient":""},"tablet":{"background-color":"var(--ast-global-color-5)","background-image":"","background-repeat":"repeat","background-position":"center center","background-size":"auto","background-attachment":"scroll","background-type":"","background-media":"","overlay-type":"","overlay-color":"","overlay-opacity":"","overlay-gradient":""},"mobile":{"background-color":"var(--ast-global-color-5)","background-image":"","background-repeat":"repeat","background-position":"center center","background-size":"auto","background-attachment":"scroll","background-type":"","background-media":"","overlay-type":"","overlay-color":"","overlay-opacity":"","overlay-gradient":""}},"_joinchat":[],"footnotes":""},"class_list":["post-100","page","type-page","status-publish","hentry"],"yoast_head":"<!-- This site is optimized with the Yoast SEO plugin v25.4 - https:\/\/yoast.com\/wordpress\/plugins\/seo\/ -->\n<title>acoples rapidos para mangueras<\/title>\n<meta name=\"description\" content=\"Acoples r\u00e1pidos En Serretecno contamos con una variedad de&nbsp;productos Parker, marca l\u00edder a nivel mundial en mangueras, conexiones, adaptadores\" \/>\n<meta name=\"robots\" content=\"index, follow, max-snippet:-1, max-image-preview:large, max-video-preview:-1\" \/>\n<link rel=\"canonical\" href=\"https:\/\/serretecno.com.mx\/index.php\/acoples-rapidos\/\" \/>\n<meta property=\"og:locale\" content=\"es_ES\" \/>\n<meta property=\"og:type\" content=\"article\" \/>\n<meta property=\"og:title\" content=\"acoples rapidos para mangueras\" \/>\n<meta property=\"og:description\" content=\"Acoples r\u00e1pidos En Serretecno contamos con una variedad de&nbsp;productos Parker, marca l\u00edder a nivel mundial en mangueras, conexiones, adaptadores\" \/>\n<meta property=\"og:url\" content=\"https:\/\/serretecno.com.mx\/index.php\/acoples-rapidos\/\" \/>\n<meta property=\"og:site_name\" content=\"Serretecno\" \/>\n<meta property=\"article:modified_time\" content=\"2020-01-14T02:53:06+00:00\" \/>\n<meta property=\"og:image\" content=\"https:\/\/serretecno.com.mx\/wp-content\/uploads\/2020\/01\/adaptadores.png\" \/>\n<meta name=\"twitter:card\" content=\"summary_large_image\" \/>\n<meta name=\"twitter:label1\" content=\"Tiempo de lectura\" \/>\n\t<meta name=\"twitter:data1\" content=\"2 minutos\" \/>\n<script type=\"application\/ld+json\" class=\"yoast-schema-graph\">{\"@context\":\"https:\/\/schema.org\",\"@graph\":[{\"@type\":\"WebPage\",\"@id\":\"https:\/\/serretecno.com.mx\/index.php\/acoples-rapidos\/\",\"url\":\"https:\/\/serretecno.com.mx\/index.php\/acoples-rapidos\/\",\"name\":\"acoples rapidos para mangueras\",\"isPartOf\":{\"@id\":\"https:\/\/serretecno.com.mx\/#website\"},\"primaryImageOfPage\":{\"@id\":\"https:\/\/serretecno.com.mx\/index.php\/acoples-rapidos\/#primaryimage\"},\"image\":{\"@id\":\"https:\/\/serretecno.com.mx\/index.php\/acoples-rapidos\/#primaryimage\"},\"thumbnailUrl\":\"https:\/\/serretecno.com.mx\/wp-content\/uploads\/2020\/01\/adaptadores.png\",\"datePublished\":\"2020-01-07T02:42:33+00:00\",\"dateModified\":\"2020-01-14T02:53:06+00:00\",\"description\":\"Acoples r\u00e1pidos En Serretecno contamos con una variedad de&nbsp;productos Parker, marca l\u00edder a nivel mundial en mangueras, conexiones, adaptadores\",\"breadcrumb\":{\"@id\":\"https:\/\/serretecno.com.mx\/index.php\/acoples-rapidos\/#breadcrumb\"},\"inLanguage\":\"es\",\"potentialAction\":[{\"@type\":\"ReadAction\",\"target\":[\"https:\/\/serretecno.com.mx\/index.php\/acoples-rapidos\/\"]}]},{\"@type\":\"ImageObject\",\"inLanguage\":\"es\",\"@id\":\"https:\/\/serretecno.com.mx\/index.php\/acoples-rapidos\/#primaryimage\",\"url\":\"https:\/\/serretecno.com.mx\/wp-content\/uploads\/2020\/01\/adaptadores.png\",\"contentUrl\":\"https:\/\/serretecno.com.mx\/wp-content\/uploads\/2020\/01\/adaptadores.png\",\"width\":350,\"height\":350},{\"@type\":\"BreadcrumbList\",\"@id\":\"https:\/\/serretecno.com.mx\/index.php\/acoples-rapidos\/#breadcrumb\",\"itemListElement\":[{\"@type\":\"ListItem\",\"position\":1,\"name\":\"Home\",\"item\":\"https:\/\/serretecno.com.mx\/\"},{\"@type\":\"ListItem\",\"position\":2,\"name\":\"Acoples Rapidos\"}]},{\"@type\":\"WebSite\",\"@id\":\"https:\/\/serretecno.com.mx\/#website\",\"url\":\"https:\/\/serretecno.com.mx\/\",\"name\":\"Serretecno\",\"description\":\"Elevadores de auto\",\"publisher\":{\"@id\":\"https:\/\/serretecno.com.mx\/#organization\"},\"potentialAction\":[{\"@type\":\"SearchAction\",\"target\":{\"@type\":\"EntryPoint\",\"urlTemplate\":\"https:\/\/serretecno.com.mx\/?s={search_term_string}\"},\"query-input\":{\"@type\":\"PropertyValueSpecification\",\"valueRequired\":true,\"valueName\":\"search_term_string\"}}],\"inLanguage\":\"es\"},{\"@type\":\"Organization\",\"@id\":\"https:\/\/serretecno.com.mx\/#organization\",\"name\":\"Serretecno.com\",\"url\":\"https:\/\/serretecno.com.mx\/\",\"logo\":{\"@type\":\"ImageObject\",\"inLanguage\":\"es\",\"@id\":\"https:\/\/serretecno.com.mx\/#\/schema\/logo\/image\/\",\"url\":\"https:\/\/serretecno.com.mx\/wp-content\/uploads\/2020\/01\/cropped-logo-serretecno-1.jpg\",\"contentUrl\":\"https:\/\/serretecno.com.mx\/wp-content\/uploads\/2020\/01\/cropped-logo-serretecno-1.jpg\",\"width\":973,\"height\":169,\"caption\":\"Serretecno.com\"},\"image\":{\"@id\":\"https:\/\/serretecno.com.mx\/#\/schema\/logo\/image\/\"}}]}<\/script>\n<!-- \/ Yoast SEO plugin. -->","yoast_head_json":{"title":"acoples rapidos para mangueras","description":"Acoples r\u00e1pidos En Serretecno contamos con una variedad de&nbsp;productos Parker, marca l\u00edder a nivel mundial en mangueras, conexiones, adaptadores","robots":{"index":"index","follow":"follow","max-snippet":"max-snippet:-1","max-image-preview":"max-image-preview:large","max-video-preview":"max-video-preview:-1"},"canonical":"https:\/\/serretecno.com.mx\/index.php\/acoples-rapidos\/","og_locale":"es_ES","og_type":"article","og_title":"acoples rapidos para mangueras","og_description":"Acoples r\u00e1pidos En Serretecno contamos con una variedad de&nbsp;productos Parker, marca l\u00edder a nivel mundial en mangueras, conexiones, adaptadores","og_url":"https:\/\/serretecno.com.mx\/index.php\/acoples-rapidos\/","og_site_name":"Serretecno","article_modified_time":"2020-01-14T02:53:06+00:00","og_image":[{"url":"https:\/\/serretecno.com.mx\/wp-content\/uploads\/2020\/01\/adaptadores.png","type":"","width":"","height":""}],"twitter_card":"summary_large_image","twitter_misc":{"Tiempo de lectura":"2 minutos"},"schema":{"@context":"https:\/\/schema.org","@graph":[{"@type":"WebPage","@id":"https:\/\/serretecno.com.mx\/index.php\/acoples-rapidos\/","url":"https:\/\/serretecno.com.mx\/index.php\/acoples-rapidos\/","name":"acoples rapidos para mangueras","isPartOf":{"@id":"https:\/\/serretecno.com.mx\/#website"},"primaryImageOfPage":{"@id":"https:\/\/serretecno.com.mx\/index.php\/acoples-rapidos\/#primaryimage"},"image":{"@id":"https:\/\/serretecno.com.mx\/index.php\/acoples-rapidos\/#primaryimage"},"thumbnailUrl":"https:\/\/serretecno.com.mx\/wp-content\/uploads\/2020\/01\/adaptadores.png","datePublished":"2020-01-07T02:42:33+00:00","dateModified":"2020-01-14T02:53:06+00:00","description":"Acoples r\u00e1pidos En Serretecno contamos con una variedad de&nbsp;productos Parker, marca l\u00edder a nivel mundial en mangueras, conexiones, adaptadores","breadcrumb":{"@id":"https:\/\/serretecno.com.mx\/index.php\/acoples-rapidos\/#breadcrumb"},"inLanguage":"es","potentialAction":[{"@type":"ReadAction","target":["https:\/\/serretecno.com.mx\/index.php\/acoples-rapidos\/"]}]},{"@type":"ImageObject","inLanguage":"es","@id":"https:\/\/serretecno.com.mx\/index.php\/acoples-rapidos\/#primaryimage","url":"https:\/\/serretecno.com.mx\/wp-content\/uploads\/2020\/01\/adaptadores.png","contentUrl":"https:\/\/serretecno.com.mx\/wp-content\/uploads\/2020\/01\/adaptadores.png","width":350,"height":350},{"@type":"BreadcrumbList","@id":"https:\/\/serretecno.com.mx\/index.php\/acoples-rapidos\/#breadcrumb","itemListElement":[{"@type":"ListItem","position":1,"name":"Home","item":"https:\/\/serretecno.com.mx\/"},{"@type":"ListItem","position":2,"name":"Acoples Rapidos"}]},{"@type":"WebSite","@id":"https:\/\/serretecno.com.mx\/#website","url":"https:\/\/serretecno.com.mx\/","name":"Serretecno","description":"Elevadores de auto","publisher":{"@id":"https:\/\/serretecno.com.mx\/#organization"},"potentialAction":[{"@type":"SearchAction","target":{"@type":"EntryPoint","urlTemplate":"https:\/\/serretecno.com.mx\/?s={search_term_string}"},"query-input":{"@type":"PropertyValueSpecification","valueRequired":true,"valueName":"search_term_string"}}],"inLanguage":"es"},{"@type":"Organization","@id":"https:\/\/serretecno.com.mx\/#organization","name":"Serretecno.com","url":"https:\/\/serretecno.com.mx\/","logo":{"@type":"ImageObject","inLanguage":"es","@id":"https:\/\/serretecno.com.mx\/#\/schema\/logo\/image\/","url":"https:\/\/serretecno.com.mx\/wp-content\/uploads\/2020\/01\/cropped-logo-serretecno-1.jpg","contentUrl":"https:\/\/serretecno.com.mx\/wp-content\/uploads\/2020\/01\/cropped-logo-serretecno-1.jpg","width":973,"height":169,"caption":"Serretecno.com"},"image":{"@id":"https:\/\/serretecno.com.mx\/#\/schema\/logo\/image\/"}}]}},"_links":{"self":[{"href":"https:\/\/serretecno.com.mx\/index.php\/wp-json\/wp\/v2\/pages\/100","targetHints":{"allow":["GET"]}}],"collection":[{"href":"https:\/\/serretecno.com.mx\/index.php\/wp-json\/wp\/v2\/pages"}],"about":[{"href":"https:\/\/serretecno.com.mx\/index.php\/wp-json\/wp\/v2\/types\/page"}],"author":[{"embeddable":true,"href":"https:\/\/serretecno.com.mx\/index.php\/wp-json\/wp\/v2\/users\/2"}],"replies":[{"embeddable":true,"href":"https:\/\/serretecno.com.mx\/index.php\/wp-json\/wp\/v2\/comments?post=100"}],"version-history":[{"count":1,"href":"https:\/\/serretecno.com.mx\/index.php\/wp-json\/wp\/v2\/pages\/100\/revisions"}],"predecessor-version":[{"id":596,"href":"https:\/\/serretecno.com.mx\/index.php\/wp-json\/wp\/v2\/pages\/100\/revisions\/596"}],"wp:attachment":[{"href":"https:\/\/serretecno.com.mx\/index.php\/wp-json\/wp\/v2\/media?parent=100"}],"curies":[{"name":"wp","href":"https:\/\/api.w.org\/{rel}","templated":true}]}}